5381
List the prime factors of 908.
2, 227
List the prime factors of 7456.
2, 233
What are the prime factors of 6063?
3, 43, 47
What are the prime factors of 1155?
3, 5, 7, 11
List the prime factors of 9386.
2, 13, 19
List the prime factors of 37472.
2, 1171
List the prime factors of 2881.
43, 67
What are the prime factors of 1205?
5, 241
List the prime factors of 2138.
2, 1069
What are the prime factors of 937?
937
List the prime factors of 1126.
2, 563
What are the prime factors of 9424?
2, 19, 31
What are the prime factors of 9416?
2, 11, 107
List the prime factors of 134582.
2, 7, 9613
List the prime factors of 9471.
3, 7, 11, 41
What are the prime factors of 426?
2, 3, 71
List the prime factors of 1646.
2, 823
What are the prime factors of 2664?
2, 3, 37
List the prime factors of 51084.
2, 3, 11, 43
List the prime factors of 772.
2, 193
What are the prime factors of 2393?
2393
List the prime factors of 3618.
2, 3, 67
List the prime factors of 8547.
3, 7, 11, 37
List the prime factors of 896.
2, 7
What are the prime factors of 20813?
13, 1601
What are the prime factors of 227?
227
List the prime factors of 28224.
2, 3, 7
What are the prime factors of 5688?
2, 3, 79
List the prime factors of 20917.
13, 1609
What are the prime factors of 3058?
2, 11, 139
What are the prime factors of 54458?
2, 73, 373
What are the prime factors of 634?
2, 317
What are the prime factors of 5022?
2, 3, 31
What are the prime factors of 748?
2, 11, 17
List the prime factors of 4450.
2, 5, 89
List the prime factors of 5366.
2, 2683
What are the prime factors of 34570?
2, 5, 3457
What are the prime factors of 62986?
2, 7, 11, 409
List the prime factors of 501.
3, 167
What are the prime factors of 78182?
2, 13, 31, 97
What are the prime factors of 2545?
5, 509
List the prime factors of 12968.
2, 1621
List the prime factors of 1769.
29, 61
List the prime factors of 57058.
2, 47, 607
List the prime factors of 53749.
59, 911
What are the prime factors of 608?
2, 19
What are the prime factors of 10251?
3, 17, 67
What are the prime factors of 110781?
3, 11, 373
What are the prime factors of 84857?
84857
List the prime factors of 25178.
2, 12589
List the prime factors of 33736.
2, 4217
List the prime factors of 108.
2, 3
List the prime factors of 390.
2, 3, 5, 13
What are the prime factors of 7497?
3, 7, 17
What are the prime factors of 691?
691
List the prime factors of 899.
29, 31
List the prime factors of 4975.
5, 199
List the prime factors of 16132.
2, 37, 109
List the prime factors of 85129.
11, 71, 109
List the prime factors of 27342.
2, 3, 7, 31
What are the prime factors of 1856?
2, 29
List the prime factors of 10395.
3, 5, 7, 11
List the prime factors of 6548.
2, 1637
What are the prime factors of 3142?
2, 1571
What are the prime factors of 12899?
12899
What are the prime factors of 1289?
1289
What are the prime factors of 860?
2, 5, 43
What are the prime factors of 36366?
2, 3, 11, 19, 29
What are the prime factors of 66614?
2, 19, 1753
What are the prime factors of 4045?
5, 809
What are the prime factors of 150877?
31, 157
List the prime factors of 3281.
17, 193
What are the prime factors of 150?
2, 3, 5
List the prime factors of 7335.
3, 5, 163
List the prime factors of 17769.
3, 5923
List the prime factors of 1262.
2, 631
List the prime factors of 27265.
5, 7, 19, 41
What are the prime factors of 1178?
2, 19, 31
What are the prime factors of 254?
2, 127
What are the prime factors of 2577?
3, 859
What are the prime factors of 207?
3, 23
What are the prime factors of 88797?
3, 29599
What are the prime factors of 94017?
3, 7, 11, 37
List the prime factors of 208693.
181, 1153
What are the prime factors of 146792?
2, 59, 311
List the prime factors of 145.
5, 29
What are the prime factors of 454?
2, 227
List the prime factors of 742.
2, 7, 53
List the prime factors of 69224.
2, 17, 509
What are the prime factors of 1780?
2, 5, 89
What are the prime factors of 1277?
1277
What are the prime factors of 27455?
5, 17, 19
List the prime factors of 45035.
5, 9007
List the prime factors of 167521.
167521
What are the prime factors of 26761?
7, 3823
What are the prime factors of 60?
2, 3, 5
List the prime factors of 2404.
2, 601
What are the prime factors of 33122?
2, 16561
List the prime factors of 3997.
7, 571
What are the prime factors of 99627?
3, 11, 3019
List the prime factors of 13483.
97, 139
What are the prime factors of 183?
3, 61
List the prime factors of 17196.
2, 3, 1433
List the prime factors of 3924.
2, 3, 109
What are the prime factors of 977?
977
What are the prime factors of 347?
347
What are the prime factors of 1824?
2, 3, 19
List the prime factors of 5164.
2, 1291
What are the prime factors of 25966?
2, 12983
List the prime factors of 2548.
2, 7, 13
What are the prime factors of 17023?
29, 587
List the prime factors of 552.
2, 3, 23
What are the prime factors of 59479?
7, 29, 293
List the prime factors of 110210.
2, 5, 103, 107
What are the prime factors of 875?
5, 7
What are the prime factors of 66288?
2, 3, 1381
What are the prime factors of 32343?
3, 10781
List the prime factors of 3603.
3, 1201
List the prime factors of 4000.
2, 5
What are the prime factors of 919?
919
List the prime factors of 5179.
5179
What are the prime factors of 2848?
2, 89
List the prime factors of 17386.
2, 8693
What are the prime factors of 46585?
5, 7, 11
What are the prime factors of 47?
47
What are the prime factors of 64359?
3, 7151
What are the prime factors of 32598?
2, 3, 1811
What are the prime factors of 71?
71
List the prime factors of 3253.
3253
List the prime factors of 5871.
3, 19, 103
List the prime factors of 11144.
2, 7, 199
What are the prime factors of 117047?
7, 23, 727
What are the prime factors of 1920?
2, 3, 5
List the prime factors of 7027.
7027
What are the prime factors of 697?
17, 41
List the prime factors of 23984.
2, 1499
List the prime factors of 1272.
2, 3, 53
What are the prime factors of 11422?
2, 5711
List the prime factors of 18974.
2, 53, 179
List the prime factors of 1189.
29, 41
List the prime factors of 85581.
3, 37, 257
What are the prime factors of 1995?
3, 5, 7, 19
List the prime factors of 7702.
2, 3851
What are the prime factors of 41357?
41357
List the prime factors of 5999.
7, 857
What are the prime factors of 3260?
2, 5, 163
List the prime factors of 1787.
1787
List the prime factors of 1879.
1879
List the prime factors of 348.
2, 3, 29
What are the prime factors of 19240?
2, 5, 13, 37
What are the prime factors of 3523?
13, 271
What are the prime factors of 2825?
5, 113
What are the prime factors of 10783?
41, 263
What are the prime factors of 63534?
2, 3, 10589
What are the prime factors of 3789?
3, 421
List the prime factors of 8302.
2, 7, 593
List the prime factors of 44854.
2, 41, 547
What are the prime factors of 138540?
2, 3, 5, 2309
List the prime factors of 78149.
17, 4597
What are the prime factors of 689?
13, 53
What are the prime factors of 36249?
3, 43, 281
List the prime factors of 13514.
2, 29, 233
List the prime factors of 852.
2, 3, 71
What are the prime factors of 77199?
3, 25733
List the prime factors of 1961.
37, 53
What are the prime factors of 28121?
61, 461
What are the prime factors of 19797?
3, 6599
List the prime factors of 158079.
3, 23, 29, 79
What are the prime factors of 65492?
2, 7, 2339
List the prime factors of 1077.
3, 359
What are the prime factors of 20768?
2, 11, 59
List the prime factors of 31748.
2, 7937
List the prime factors of 2652.
2, 3, 13, 17
What are the prime factors of 5861?
5861
List the prime factors of 20473.
59, 347
List the prime factors of 33133.
17, 1949
List the prime factors of 165849.
3, 59, 937
What are the prime factors of 2862?
2, 3, 53
List the prime factors of 78603.
3, 7, 19, 197
List the prime factors of 60287.
19, 167
What are the prime factors of 6863?
6863
What are the prime factors of 393?
3, 131
What are the prime factors of 4739?
7, 677
What are the prime factors of 15630?
2, 3, 5, 521
List the prime factors of 21225.
3, 5, 283
What are the prime factors of 721?
7, 103
What are the prime factors of 134713?
107, 1259
What are the prime factors of 3945?
3, 5, 263
What are the prime factors of 64517?
149, 433
What are the prime factors of 8387?
8387
What 